mainder when 28 is divided by j.
3
Suppose 0 = -5*t - 138 + 233. Let b be 78/9*-3*1. What is the remainder when (-1 - b)/(1/3) is divided by t?
18
Let j(k) be the second derivative of -k**5/20 + k**4/2 + 5*k**3/3 - 2*k**2 + k. What is the remainder when (-54428)/(-836) - 10/95 is divided by j(7)?
14
Let h be 6/10*(448/(-42) - -14). Let u be -1 + 90*(0 - -2). Suppose -u = -5*d + b, h*b - 97 = -2*d - d. Calculate the remainder when 138 is divided by d.
33
Suppose 13 = 5*b - 4*b + 4*j, 2*b = -j + 19. Suppose 9*t - 5*o = 5*t + 19, -4*t = 2*o - 26. What is the remainder when b is divided by t?
3
Suppose -f + 87 = -2*z, 2*f + 2*z - z = 154. What is the remainder when f is divided by 15?
4
Let j(b) = 4*b**2 + 3*b - 4. Calculate the remainder when 334 is divided by j(-2).
4
Let d(q) = q + 14. Let g be d(-11). Suppose g*c - 63 = -4*i, 5*i + 0*c - 77 = -2*c. Let u = i - 10. What is the remainder when 14 is divided by u?
4
Let b = -5 - -11. Let l(k) = -2*k - 14. Calculate the remainder when (3 - 96)*(-4)/b is divided by l(-15).
14
Let y = -413 + 729. Calculate the remainder when (-4)/((-1)/(y/8)) is divided by 53.
52
Suppose -2*m = 5*d - 1141, -2*d + 924 = 2*d - 4*m. What is the remainder when d is divided by 29?
26
Let n(u) = u**3 + 10*u**2 - 26*u - 13. What is the remainder when n(-11) is divided by 20?
12
Suppose -3*w + 58 = -4*k, 4*k + 94 = 6*w - w. Suppose -50 = -3*d + 151. What is the remainder when d is divided by w?
13
Let k = -392 - 175. Calculate the remainder when 62 is divided by (-9198)/k + ((-4)/9)/2.
14
Let o be (4/(-5))/((-1)/70). Calculate the remainder when 57 is divided by (-8)/(-12) + o/6.
7
Let r(m) = 5*m**2 - 54*m + 90. Let b(k) = k**2 - 11*k + 18. Let l(g) = -11*b(g) + 2*r(g). What is the remainder when 19 is divided by l(10)?
7
Suppose -5*q + 62 = 402. Let l = 85 + q. What is the remainder when 32 is divided by l?
15
Let i(f) = 2*f - 61. Let d(s) = -s + 31. Let r(p) = 9*d(p) + 4*i(p). Let t be r(0). Suppose 10 + t = 5*q. Calculate the remainder when 17 is divided by q.
8
Suppose 9*a + 450 + 288 = 0. Let u = a - -184. Calculate the remainder when u is divided by 26.
24
Let o(p) be the first derivative of -7*p**2/2 + 36. Calculate the remainder when 123 is divided by o(-6).
39
Suppose -10*w = -6*w - 8. Suppose 2*i = 2, 0 = w*v + i + 4*i - 49. What is the remainder when 64 is divided by v?
20
Let o(c) = 2*c**2 + c - 1. Let j be o(1). Suppose 15 = 5*d - j*d. Calculate the remainder when 6 is divided by d.
1
Let p(a) = -5*a - 8. Let x be (8/10)/(36/5850). Suppose -30 = -2*m + x. Calculate the remainder when m is divided by p(-7).
26
Let l(z) = z - 2. Let a be l(-9). Let y(h) = -h**3 - 11*h**2 - 2*h - 19. Calculate the remainder when y(a) is divided by 3.
0
Calculate the remainder when (-3616)/(-42) + (-90)/945 is divided by 9.
5
Suppose 6 = -3*g - 6. Let f be (138/8)/3 + (-9)/(-36). Let d = f - g. What is the remainder when d is divided by 4?
2
Let c(u) = -u**2 - 22*u - 33. What is the remainder when 213 is divided by c(-19)?
21
Suppose -5*u + 4*n = -0*u - 35, -13 = -u + 2*n. Suppose -6 = -3*g + u. What is the remainder when 13 is divided by g?
1
Let o = -298 - -332. Calculate the remainder when 75 is divided by o.
7
Let z be 33/6*(0 + -2). Let x = 6 + z. Let n = x - -18. Calculate the remainder when 50 is divided by n.
11
Suppose -2*x + 7*x - c = 10, -4 = -2*x + 2*c. Let y(p) = -97*p - 579. Calculate the remainder when y(-6) is divided by x.
1
Let d(t) = t**3 + 2*t + 88. Let s(r) = -16*r**2 + 9*r - 1. Let x(z) = z**2 + z. Let g(f) = -s(f) + 5*x(f). Calculate the remainder when d(0) is divided by g(1).
16
Let b(t) = -t**3 + 10*t**2 - 11*t - 6. Let r be b(9). Let f = r - -25. Calculate the remainder when 3 is divided by f.
0
Let f be -1*((3 - 4) + -2). Suppose f*h + 8*x = 3*x + 92, -5*h + 175 = 4*x. Calculate the remainder when h is divided by 14.
11
Suppose -3*p + 12 = -3. Suppose 0 = p*x - x - 64. Suppose -25 = -z + 4*s + 13, x = -4*s. What is the remainder when 42 is divided by z?
20
Let p(s) = 13*s**2 + 2*s + 17. Calculate the remainder when p(-3) is divided by 15.
8
Suppose 4*m - 15 - 97 = 0. Suppose 0 = -2*b + 4*t - 2*t + 162, -b - 4*t = -76. Calculate the remainder when b is divided by m.
24
Let p = -23 - -32. Let c(i) = 26*i + 840. Calculate the remainder when c(-31) is divided by p.
7
Let z be 8*(-4 - 27/(-6)). Suppose f + 0 - 2 = -o, -z*f = 5*o - 3. Calculate the remainder when 11 is divided by f - (0/2 + 2).
1
Let w be (-48)/(-80) + (-6)/10. Let u(v) = -v**2 - 2*v + 12. What is the remainder when 21 is divided by u(w)?
9
Suppose 0 = -4*f + t - 0*t - 156, -5*t = -4*f - 172. Calculate the remainder when (-1)/(-2) + (-2983)/f is divided by 41.
38
Suppose -3*p - 4*x + 77 = -43, -5*p + 2*x + 200 = 0. Suppose 3*i - 6*i - f + 35 = 0, -4*i = -2*f - p. Calculate the remainder when 43 is divided by i.
10
Suppose -s + 61 - 14 = -4*y, 2*s + 3*y = 127. Suppose -5*t = -f + s, 4*f + f = -2*t + 241. What is the remainder when f is divided by 13?
10
Calculate the remainder when 151 is divided by 151 + (-2)/(-2)*-3.
3
Let z = 523 - 501. Calculate the remainder when 117 is divided by z.
7
Let v(p) = -8*p - 27. What is the remainder when v(-8) is divided by 4?
1
Let f = 569 - 896. What is the remainder when (f/(-12) + 1)*4 is divided by 29?
26
Suppose 0 = -2*r - 2*p + 40, p + 130 = 5*r - 0*r. Calculate the remainder when 226 is divided by r.
1
Let n be (-211)/(-3) - (-2)/(-6). Let t be (n/4)/7*16. Suppose -3*o + t = -38. What is the remainder when o is divided by 15?
11
Calculate the remainder when (-77*(8 + -6))/(-2) is divided by 13.
12
Suppose -60 = -69*q + 66*q. Calculate the remainder when q is divided by 13.
7
Let o(y) = 4*y + 26. Let w be o(-6). Suppose w*p - 12 = 48. Calculate the remainder when p is divided by 11.
8
Let d be 7 + (-1998)/(-42) + 6/14. Suppose -72 = -d*t + 52*t. What is the remainder when t is divided by 15?
9
Let a(l) = l**2 - 7*l - 49. What is the remainder when a(-8) is divided by 12?
11
Let u(l) = 24*l**2 - 6*l + 6. Calculate the remainder when u(2) is divided by 66.
24
Suppose -17*y + 534 = -11*y. What is the remainder when 355 is divided by y?
88
Suppose -5*i + 8*i - 5*t = 55, -i - 2*t = -11. Let x(j) = -10*j**3 - j - 1. Calculate the remainder when i is divided by x(-1).
5
Let s = -17 + -15. Let z = 126 + s. Let a = z + -27. What is the remainder when a is divided by 17?
16
What is the remainder when 238 is divided by (-60)/24*(-23 + -2 + 1)?
58
Let k(w) = w**3 + 5*w**2 + w. What is the remainder when k(-2) is divided by 2/(4/18) + -4 + 3?
2
Suppose 7*i - 132 = 3*i. Let m = 616 + -598. What is the remainder when i is divided by m?
15
Suppose -f + 0*f = 5*s + 15, -2*s = 6. Suppose f*j + 3*j = 3*g + 36, -4*j = 5*g - 93. What is the remainder when j is divided by 3?
2
Let r be -1*(-1 + -28) - (-4 - -1). Suppose -4*u + 8 + r = 0. What is the remainder when 58 is divided by u?
8
Calculate the remainder when (71/1)/(5 + -4) is divided by (0 + 1)*(-9 + 11) + 17.
14
Let v = 365 - 331. What is the remainder when 67 is divided by v?
33
Let i(l) = l**3 + 7*l**2 - 3*l - 2. Let u be i(-7). Suppose -a + u + 26 = 0. Calculate the remainder when a is divided by 23.
22
Let t = -182 + 201. What is the remainder when 118 is divided by t?
4
Suppose -3*b = 5*m - 565, 4*m + b - 55 = 397. Let w = 160 - m. Calculate the remainder when w is divided by 27.
20
Suppose 3 + 12 = 5*p. Suppose 42 = 3*x + p*a, -2*x - 4*a - 2 = -22. Let y(g) = -2*g**3 - 3*g**2 + 1. Calculate the remainder when x is divided by y(-2).
3
Let t(b) = -56*b + 56. What is the remainder when t(-2) is divided by 9?
6
Suppose -a + 11 = -64. Let o = a + -45. Suppose -j - o = -2*i, -5*j - 22 = -i - i. What is the remainder when i is divided by 9?
7
Let c = -100 - -199. Let r be c - 6/((-4)/2). Suppose -3*b + b = -r. Calculate the remainder when b is divided by 18.
15
Let p = 93 - 89. Suppose -27 = -4*s - 0*t - 5*t, -4 = p*t. What is the remainder when 20 is divided by s?
4
Suppose 4*n = -2*o + 184, -5*o - 2*n + 552 = 108. What is the remainder when o is divided by 6?
4
Let h = -102 - -149. Suppose -b + 2*k + 7 = 0, -2 + 8 = 3*b - 3*k. What is the remainder when h is divided by (-1 + (0 - b))*5?
7
Suppose 5 + 27 = 2*o - a, 5*o = -2*a + 62. Let k be 0 - 0 - (161 + 2). Let 